-t + 9. What is y(v)?
9
Let p be (-2 - 10/(-6))*3 - 1. Let h(j) be the third derivative of -j**4/6 + j**2. Calculate h(p).
8
Let n be 4/(-20) + (-151)/(-5). Suppose -3*u + 8*u = n. Let p(b) = 1 + 0 - 5*b - 3 + b**2. Calculate p(u).
4
Let z(a) be the third derivative of a**6/120 - a**5/20 + a**4/24 - 7*a**2. Calculate z(3).
3
Let h(m) = -m**2 - 3*m - 5. Let l(b) = -5*b + 0*b - 2 + 1 - b**2 + 3*b. Let u be l(-3). Calculate h(u).
-9
Suppose 3 = 5*z - 2. Let u = z + 0. Let n(j) = j**3 - 1. What is n(u)?
0
Suppose -5*r = -3*u - 17, 0 = -r + 3*u + 1. Let s = 0 + r. Suppose k = l - s, -4*l + l - 2*k = -7. Let v(f) = -f + 7. Determine v(l).
4
Let y be 4*(-1)/(-4) - -1. Let o(m) = -3*m**2 - 2*m + 1. Calculate o(y).
-15
Let x(j) = -13*j + 14*j + 6*j**2 - 12*j**3 + 11*j**3. What is x(6)?
6
Let l(h) = h**3 - 3*h**2 - 4*h + 4. Let o be l(4). Let f(z) = z**2 - 4*z - 5. Calculate f(o).
-5
Let d be 2 + 3/(3/2). Let q(p) = -p**2 + 3*p. Let f be q(d). Let i(n) = n**3 + 3*n**2 - 5*n - 6. Determine i(f).
-2
Let l(x) = 8*x - 30*x**2 + 3 + 35*x**2 - 17 - x**3. Calculate l(6).
-2
Let m(z) = -7 - 2*z + 4*z - 3*z + 2. Determine m(6).
-11
Suppose -5*l - 30 = -0*l. Let h be l/5*(-5)/2. Let f(m) = -3*m**2 + 3 - 2*m + 4*m**2 - m**h - 1. Give f(2).
-6
Suppose 0 = 2*y + 3*f - 7, -5*y + 7*f + 5 = 2*f. Let s(b) = b**y + 2*b + 5 + 2 + 0 - 1. What is s(-4)?
14
Let m(q) = -q**2 - 3*q + 6. Let k(v) = -1 + v + 3 - 3 + 0. Suppose -3*g + u - 21 = 0, u - 3 = -0*u. Let p(c) = g*k(c) - m(c). Determine p(2).
-2
Let g be -1 + (-3 - (-10 - -3)). Let c(z) = 1 - g + 3 - z. Determine c(-2).
3
Let y(z) = -z - 5. Suppose 4 + 8 = 3*s, -4*s = 3*k + 2. Determine y(k).
1
Let j(i) be the second derivative of -2*i**3/3 - 3*i. Let l(s) = 17*s. Let t(p) = 18*j(p) + 4*l(p). Let w be 1 + (2 - 1) - 1. What is t(w)?
-4
Let c(x) = x**3 - 4*x**2 - 5*x + 1. Let n be c(5). Let k be 3 - (n - 0/(-1)). Let t(p) = -3 + 5 + 0 + p**2. What is t(k)?
6
Suppose -2*n - 4 = -4*n. Let m(h) = 9 - h**n + 2*h - 3 + 0*h + 3*h. Determine m(5).
6
Let r(g) = g**3 + 8*g**2 + 7*g + 9. Let o be (-10)/2*(-8)/10. Let h be (14/o)/(9/(-18)). What is r(h)?
9
Let c(v) = v**2 - v - 2. Let o(g) = g**3 - 7*g**2 - 4*g + 8. Let z(w) = 2*c(w) + o(w). What is z(6)?
4
Let r(k) = k - 3. Let j be r(0). Let i = 3 + j. Suppose 2*g - 2 = 2*d - i*g, 0 = -4*g - 16. Let q(z) = z**2 + 3*z - 3. Give q(d).
7
Let r(f) be the first derivative of f**4/4 - 5*f**3/3 - 4*f**2 + 3*f - 1. Suppose -20 = -5*l - 5*k, 38 = 5*l - 13*k + 9*k. Determine r(l).
-9
Let h(n) be the second derivative of 0*n**3 + 7/24*n**4 - n**2 + 0 - 2*n. Let o(v) be the first derivative of h(v). Calculate o(-1).
-7
Let i(v) = 2*v - 3. Suppose 5*x - 18 - 2 = 0. Let p be i(x). Suppose -5*y = -p*q + 20, 0 - 6 = q + 4*y. Let z(f) = -f**3 + f**2 - 2*f. Determine z(q).
-8
Let b(i) = i**2 - 4*i - 2. Let h = 4 + 0. Calculate b(h).
-2
Let w(l) = -165*l**2 + 163*l**2 + l**3 - 4 + l - 2*l. Calculate w(3).
2
Let y(m) be the third derivative of -m**5/20 - m**4/6 - m**3/3 + 7*m**2. Give y(-2).
-6
Let i(z) be the second derivative of z**3/3 - 5*z**2 + 25*z. What is i(7)?
4
Let s(f) be the first derivative of 0*f - 5 + 11/2*f**2. Let p = 2 - 1. Determine s(p).
11
Let a(l) = l**3 - 3*l**2 - 4*l + 4. Let m(n) = n**3 - 4*n**2 - 4*n + 5. Let p(h) = 6*a(h) - 5*m(h). Let t be p(-3). Let i(z) = 5 + 0 + t*z - 4. Give i(-2).
-3
Let y(v) be the third derivative of -v**6/360 + v**5/24 - v**4/6 + v**3 - 2*v**2. Let c(l) be the first derivative of y(l). Give c(3).
2
Let w(j) = -j**2 + 2*j + 6. Let g be w(4). Let c(h) = 2*h - 2. Calculate c(g).
-6
Suppose 0 = 4*w - 3 - 5, -5*w = j - 10. Let l(q) = -12 - 4*q**2 + 3*q**2 + 9. What is l(j)?
-3
Let h(i) be the second derivative of i**5/20 - i**4/3 - i**3 + 3*i**2 - 22*i. Let k(u) = -u**3 + 5*u**2 - 3*u - 4. Let o be k(3). Calculate h(o).
1
Let w = -6 + 7. Let n = -1 - -4. Let d(k) = -k**3 - 2 + 0 - k**n + w. Determine d(1).
-3
Let p be (-4)/20 - 11/(-5). Suppose 5*r - z + 7 = 0, 2*r - 11 = 3*z + p*z. Let a(f) = -4*f + 1. Calculate a(r).
9
Suppose 0 = r - u - 10 + 4, 0 = -r + 2*u + 8. Let o(y) = 2 + 6 + 2 - y - r. Calculate o(-5).
11
Let i(q) = 2*q + 6. Suppose -3*c + 8 = 35. Let f(s) = s**2 + 8*s - 13. Let x be f(c). What is i(x)?
-2
Let b = -15/2 - -8. Let r(z) be the third derivative of 0 - 1/6*z**4 + 2*z**2 + b*z**3 + 0*z. Calculate r(3).
-9
Let g(k) = k + 11. Let t be g(-8). Let u be 3*6/(-9) + 2. Let b(w) = u*w**3 + 2*w + 1 + 2*w**2 - w**t + 4*w**3. Give b(-1).
-2
Let q(w) = -18776 + 18776 + 7*w. Calculate q(3).
21
Let z(t) be the third derivative of t**4/12 - t**3/6 + 3*t**2. Suppose 4*n = 10 + 46. Let d = 12 - n. Give z(d).
-5
Let t(p) = 3*p + p + p + p. Calculate t(1).
6
Let g(i) = -6 + 4 - i**3 + 2*i**2 + i + i**2 + 5. Give g(4).
-9
Suppose 8 = -s - 5*k, 5*s + k - 8 = -0*k. Suppose s*g + 22 = -g + b, -5*g - 44 = 2*b. Let v = -3 - g. Let r(u) = u**2 - 2*u - 3. Calculate r(v).
12
Let j = 3/2 - 1. Let i(b) be the second derivative of -j*b**2 + 0 - 1/2*b**3 - 1/20*b**5 - 1/3*b**4 + b. What is i(-3)?
-1
Let i(f) = -2*f - 5. Let m = 5 - -4. Suppose -2 - 26 = 2*b. Let a = b + m. Calculate i(a).
5
Let i(s) = s**2 - 4*s - 4. Let g(d) = d. Let y(f) = -4*g(f) + i(f). Let o(l) be the first derivative of y(l). What is o(6)?
4
Let k(y) = -y + 8. Suppose 9*q - 13*q + 24 = 0. What is k(q)?
2
Suppose 0*g - 24 = -5*f + g, -2*f = g - 11. Suppose 2*t - p - f = 0, -2*t + 0*t = -5*p - 9. Let y(k) = -2*k**3 + 2*k**2 - 3*k + 2. Give y(t).
-12
Let l(u) = u**2 - 2. Let h(c) = 2*c + 0 - c**2 + 1 - 3. Let t = 10 + -8. Let k be h(t). What is l(k)?
2
Let q(k) be the second derivative of 0 - 1/3*k**3 - 3/2*k**2 + 2*k. What is q(-5)?
7
Let c(j) = -j**3 - 3*j**2 + 6*j + 4. Let z be c(-4). Let b(i) = 3*i + 6. Calculate b(z).
-6
Let i(k) be the first derivative of -k**5/40 + k**4/24 - k**3 + 6. Let s(w) be the third derivative of i(w). Determine s(3).
-8
Let r(n) = -3*n**3 - n**2 + 3*n - 3. Let b be r(1). Let t(g) = g**2 + 4*g + 5. Give t(b).
5
Let a(h) be the second derivative of h**4/12 - 7*h**3/6 + h**2/2 + h. Suppose b - 1 = -0*b. Let j be b/((-1)/(-5)*1). What is a(j)?
-9
Let m(d) be the second derivative of d - 2/3*d**3 + 1/2*d**2 + 0 + 1/12*d**4. Let i(a) = -2*a - 5. Let s be i(-4). Calculate m(s).
-2
Let d(y) be the first derivative of -y**2/2 + y + 1. Let n be d(-1). Let u(p) = p + 1. What is u(n)?
3
Let l(a) = -a**2 + 2*a - 1. Suppose -4*i = 3*q - 7, -i + 2*q = q. Let w be l(i). Let x = w + 1. Let j(b) = 4*b**3 + 1. Calculate j(x).
5
Let i = -5 - -8. Suppose -i = d - 0*d. Let b(m) = -m**3 - 4*m**2 - 2*m + 3. Give b(d).
0
Suppose u + 1 = 3. Let o(r) = -u*r + 2 + r + r**2 - 3. Let b be (4/(-6))/(1/3). Determine o(b).
5
Let w(r) = -r**2 - 7*r + 2. Let d(s) = 15*s - 21. Let c(g) = 7*g - 10. Let t(j) = -13*c(j) + 6*d(j). Let z be t(8). Determine w(z).
14
Let s(a) = a**3 - 5*a**2 + 4*a + 4. Let x(q) = -2*q. Let r = -1 - -3. Let o be x(r). Let h = 8 + o. Calculate s(h).
4
Suppose r - 49 = -4*r - i, -5*i + 29 = r. Suppose -m + 5*a + r = -18, -m - 3*a = 13. Let z(v) = v**2 + v - m - 3*v + v. What is z(3)?
4
Let i = -3 + 7. Suppose i = n + 2. Let y(z) = 4*z**2 + 5 - 6*z**2 - 2*z + z**n. What is y(-4)?
-3
Let l(c) be the third derivative of -c**7/560 + c**6/720 + c**5/20 - 2*c**2. Let j(q) be the third derivative of l(q). Determine j(-1).
10
Let i(t) = t**2 + 8*t - 2. Suppose -1 = 2*n + 17. Calculate i(n).
7
Let x(b) = 4*b**3 - b**2 - 4*b + 3. Let h(v) = 11*v**3 - 3*v**2 - 11*v + 9. Let m(w) = 3*h(w) - 8*x(w). Give m(0).
3
Suppose -3*a = 2*d - 21, -5*d = a - 13 - 7. Suppose i - 8 = -2*r, d*r + 18 = 3*i + 6*r. Let t(c) = -c**3 + 6*c**2 - 6*c + 1. Calculate t(i).
9
Let b be (-24)/6*(-2 + 0). Let g(y) = -y**2 + 7*y + 4. What is g(b)?
-4
Let x(j) = -j**3 - 3 + 2*j**3 - j**2 - 9. Let w be 4 - (-3 + 9) - -2. Suppose 6*g - 3*g = w. Determine x(g).
-12
Let w(h) be the second derivative of -h**5/60 + h**4/24 - h**3/6 + 5*h. Let i(p) be the second derivative of w(p). Give i(2).
-3
Let v = -7 - -9. Suppose -6 = v*w - 4*w. Let i(h) = h**3 - 3*h**2 - 3*h + 3. Determine i(w).
-6
Let x(f) = 5*f**3 + 11*f**2 + 13. Let d(m) = 9*m**3 + 21*m**2 + m + 25. Let t(g) = -6*d(g) + 11*x(g). Determine t(6).
-7
Let y(p) = -p**2 + 4*p + 1. Let j = -2 + -2. Let s(g) = -g**2 - 5*g + 1. Let h be s(j). Determine y(h).
-4
Let s